{"id":2,"date":"2016-01-17T15:34:52","date_gmt":"2016-01-17T14:34:52","guid":{"rendered":"http:\/\/toursdemains.com\/?page_id=2"},"modified":"2024-01-10T18:57:04","modified_gmt":"2024-01-10T17:57:04","slug":"page-d-exemple","status":"publish","type":"page","link":"https:\/\/toursdemains.com\/","title":{"rendered":"Bienvenue"},"content":{"rendered":"<p>Situ\u00e9 au c\u0153ur de l&#8217;Avesnois, \u00e0 Floursies, <strong><span style=\"vertical-align: inherit;\"><span style=\"vertical-align: inherit;\"><span style=\"vertical-align: inherit;\"><span style=\"vertical-align: inherit;\"><span style=\"vertical-align: inherit;\"><span style=\"vertical-align: inherit;\"><span style=\"vertical-align: inherit;\"><span style=\"vertical-align: inherit;\">Tours<\/span><\/span><\/span><\/span><\/span><\/span><\/span><\/span><span style=\"vertical-align: inherit;\"><span style=\"vertical-align: inherit;\"><span style=\"vertical-align: inherit;\"><span style=\"vertical-align: inherit;\"><span style=\"vertical-align: inherit;\"><span style=\"vertical-align: inherit;\"><span style=\"vertical-align: inherit;\"><span style=\"vertical-align: inherit;\"> de Mains\u00a0<\/span><\/span><\/span><\/span><\/span><\/span><\/span><\/span><\/strong><span style=\"vertical-align: inherit;\"><span style=\"vertical-align: inherit;\"><span style=\"vertical-align: inherit;\"><span style=\"vertical-align: inherit;\"><span style=\"vertical-align: inherit;\"><span style=\"vertical-align: inherit;\"><span style=\"vertical-align: inherit;\"><span style=\"vertical-align: inherit;\">est \u00e0 la fois un atelier de c\u00e9ramique et une boutique. J&#8217;y produis et parfois j&#8217;expose le travail d&#8217;autres artisans de l&#8217;Avesnois.\u00a0<\/span><\/span><\/span><\/span><\/span><\/span><\/span><\/span> <br \/><strong><span style=\"vertical-align: inherit;\"><span style=\"vertical-align: inherit;\"><span style=\"vertical-align: inherit;\"><span style=\"vertical-align: inherit;\"><span style=\"vertical-align: inherit;\"><span style=\"vertical-align: inherit;\"><span style=\"vertical-align: inherit;\"><span style=\"vertical-align: inherit;\">Vous cherchez un objet unique et original ?\u00a0<\/span><\/span><\/span><\/span><\/span><\/span><\/span><span style=\"vertical-align: inherit;\"><span style=\"vertical-align: inherit;\"><span style=\"vertical-align: inherit;\"><span style=\"vertical-align: inherit;\"><span style=\"vertical-align: inherit;\"><span style=\"vertical-align: inherit;\"><span style=\"vertical-align: inherit;\">Pour offrir ou vous faire plaisir ? Vous \u00eates restaurateur et\u00a0souhaitez une touche d&#8217;authenticit\u00e9 et d&#8217;originalit\u00e9 dans votre vaisselle ?\u00a0<\/span><\/span><\/span><\/span><\/span><\/span><\/span><span style=\"vertical-align: inherit;\"><span style=\"vertical-align: inherit;\"><span style=\"vertical-align: inherit;\"><span style=\"vertical-align: inherit;\"><span style=\"vertical-align: inherit;\"><span style=\"vertical-align: inherit;\"><span style=\"vertical-align: inherit;\">Je vous invite \u00e0 venir d\u00e9couvrir la boutique ! <\/span><\/span><\/span><\/span><\/span><\/span><\/span><span style=\"vertical-align: inherit;\"><span style=\"vertical-align: inherit;\"><span style=\"vertical-align: inherit;\"><span style=\"vertical-align: inherit;\"><span style=\"vertical-align: inherit;\"><span style=\"vertical-align: inherit;\"><span style=\"vertical-align: inherit;\">\u00a0<\/span><\/span><\/span><\/span><\/span><\/span><\/span><span style=\"vertical-align: inherit;\"><span style=\"vertical-align: inherit;\"><span style=\"vertical-align: inherit;\"><span style=\"vertical-align: inherit;\"><span style=\"vertical-align: inherit;\"><span style=\"vertical-align: inherit;\"><span style=\"vertical-align: inherit;\">De plus vous participerez au rayonnement des artisans locaux.<\/span><\/span><\/span><\/span><\/span><\/span><\/span><\/span><\/strong><\/p>\n<p><span style=\"vertical-align: inherit;\"><span style=\"vertical-align: inherit;\"><span style=\"vertical-align: inherit;\"><span style=\"vertical-align: inherit;\"><span style=\"vertical-align: inherit;\"><span style=\"vertical-align: inherit;\"><span style=\"vertical-align: inherit;\"><span style=\"vertical-align: inherit;\">Mon atelier de poterie est situ\u00e9 dans\u00a0<\/span><\/span><\/span><\/span><\/span><\/span><\/span><\/span><span style=\"vertical-align: inherit;\"><span style=\"vertical-align: inherit;\"><span style=\"vertical-align: inherit;\"><span style=\"vertical-align: inherit;\"><span style=\"vertical-align: inherit;\"><span style=\"vertical-align: inherit;\"><span style=\"vertical-align: inherit;\"><span style=\"vertical-align: inherit;\">la boutique. <\/span><\/span><\/span><\/span><\/span><\/span><\/span><span style=\"vertical-align: inherit;\"><span style=\"vertical-align: inherit;\"><span style=\"vertical-align: inherit;\"><span style=\"vertical-align: inherit;\"><span style=\"vertical-align: inherit;\"><span style=\"vertical-align: inherit;\"><span style=\"vertical-align: inherit;\">Je r\u00e9alise des poteries en gr\u00e8s, des objets utilitaires comme des vases, des assiettes, des pots&#8230; \u00e9galement en vente en boutique.<\/span><\/span><\/span><\/span><\/span><\/span><\/span><\/span><\/p>\n<p><span style=\"vertical-align: inherit;\"><span style=\"vertical-align: inherit;\"><span style=\"vertical-align: inherit;\"><span style=\"vertical-align: inherit;\"><span style=\"vertical-align: inherit;\"><span style=\"vertical-align: inherit;\"><span style=\"vertical-align: inherit;\"><span style=\"vertical-align: inherit;\">Je vous invite \u00e0 poursuivre votre visite par la d\u00e9couverte de la fontaine gallo-romaine et des chemins p\u00e9destres du village !<\/span><\/span><\/span><\/span><\/span><\/span><\/span><\/span><\/p>\n<p><span style=\"vertical-align: inherit;\"><span style=\"vertical-align: inherit;\"><span style=\"vertical-align: inherit;\"><span style=\"vertical-align: inherit;\"><span style=\"vertical-align: inherit;\"><span style=\"vertical-align: inherit;\"><span style=\"vertical-align: inherit;\"><span style=\"vertical-align: inherit;\">\u00c0 bient\u00f4t,<\/span><\/span><\/span><\/span><\/span><\/span><\/span><\/span><\/p>\n<p><span style=\"vertical-align: inherit;\"><span style=\"vertical-align: inherit;\"><span style=\"vertical-align: inherit;\"><span style=\"vertical-align: inherit;\"><span style=\"vertical-align: inherit;\"><span style=\"vertical-align: inherit;\"><span style=\"vertical-align: inherit;\"><span style=\"vertical-align: inherit;\">Agn\u00e8s<\/span><\/span><\/span><\/span><\/span><\/span><\/span><\/span><\/p>\n<p><strong><span style=\"vertical-align: inherit;\"><span style=\"vertical-align: inherit;\"><span style=\"vertical-align: inherit;\"><span style=\"vertical-align: inherit;\"><span style=\"vertical-align: inherit;\"><span style=\"vertical-align: inherit;\"><span style=\"vertical-align: inherit;\"><span style=\"vertical-align: inherit;\">Suivez toute l&#8217;actualit\u00e9 de la boutique et de mon activit\u00e9 sur<\/span><\/span><\/span><\/span><\/span><\/span><\/span><\/span><\/strong><a href=\"https:\/\/www.facebook.com\/toursdemainsfloursies\/\" target=\"_blank\" rel=\"noopener\"><img decoding=\"async\" loading=\"lazy\" class=\"aligncenter wp-image-229 size-medium\" src=\"http:\/\/toursdemains.com\/wp-content\/uploads\/2016\/05\/logo-facebook-300x113.jpg\" alt=\"Logo Facebook\" width=\"300\" height=\"113\" srcset=\"https:\/\/toursdemains.com\/wp-content\/uploads\/2016\/05\/logo-facebook-300x113.jpg 300w, https:\/\/toursdemains.com\/wp-content\/uploads\/2016\/05\/logo-facebook-768x289.jpg 768w, https:\/\/toursdemains.com\/wp-content\/uploads\/2016\/05\/logo-facebook-1024x385.jpg 1024w, https:\/\/toursdemains.com\/wp-content\/uploads\/2016\/05\/logo-facebook-1038x395.jpg 1038w, https:\/\/toursdemains.com\/wp-content\/uploads\/2016\/05\/logo-facebook.jpg 1050w\" sizes=\"(max-width: 300px) 100vw, 300px\" \/><\/a><\/p>\n<p style=\"text-align: center;\"><a href=\"https:\/\/www.instagram.com\/agnes_pouleur\/\"><img decoding=\"async\" loading=\"lazy\" class=\"alignundefined wp-image-306 size-medium\" src=\"http:\/\/toursdemains.com\/wp-content\/uploads\/2016\/05\/instagram-agnespouleur-300x195.jpg\" alt=\"instagram-agnespouleur\" width=\"300\" height=\"195\" srcset=\"https:\/\/toursdemains.com\/wp-content\/uploads\/2016\/05\/instagram-agnespouleur-300x195.jpg 300w, https:\/\/toursdemains.com\/wp-content\/uploads\/2016\/05\/instagram-agnespouleur.jpg 660w\" sizes=\"(max-width: 300px) 100vw, 300px\" \/><\/a><\/p>\n<p><img decoding=\"async\" loading=\"lazy\" class=\"BiCYpc\" src=\"https:\/\/lh3.googleusercontent.com\/pw\/ABLVV87wnShTY60D3bD2sTWilW_l-Z27XUWlM_0aIGgH-vvkgl7LAamk3brjf9C5-qTVKN8XvQZ2u-KTwOKsN3WdJGui8aFYk76UbsmmKxu2bKWlht1Arj97HLjn_5DlV_EPozgxlCva9qiMVoIm1qCUc9hglMFugUW6fkdLhfZmrkTnehKGB0k9J7DGI0ImXXRWM2jkZsQuqP9TRoj4-Mzf_0g_7RQ5GoGtJMYKRHctaLsJ0w8uzJbTidCfG20RJfmYKUIeyI5Os1huQI9uuRJI1g4yOtdAaF-zm01tNiDWox1a35cGikLG-bRT-NEZwV7ln6iWStJHLdPRM-o_7-OCd31sUWxL9Y-8hM5ZdDkWLgKX-8gOrc4jDPGvYznjrJWo8GKVkrIjb4vEAMFvPuKiuhsGW4QmG_AdAcYJ9yX-jmy3uL7gc9RLBgeqYcFN987xzFTFICo_97NX5XjcMqcYvMT2lXMj4VuoGs6PUHn9Yrva_267rrgNprS6VI1sjoJ87DtKE8etJOWwaQ48_UlkVmj_IPF9vy2nqBxAK4Dex3hJbQqNL26--bonszVbLEjzKCPtOHQwBn9L8nbJeFoonD06j5IOzj8tRBA1RVMzgs-dWaQ99x0BjQGcsNR_sGf-qyV7lQOzHOl6aJAhJ8nO3RoA6iSVYqDpyH20jOw-ikOegivo-NqqVy5ZZY-LOth_ViPfWAaAN5s2TMlIccJy3zy2dIEYN_5Y0iLvtR8L1VuDtFBi1Lapp0MzXjztBe0LUf1mr0URlngfokcC9BEWA5oWKT8vosCdhaj6Ry6ofpE7dCSkuySt5FeqjpkQuXvVTXjv5ico8wQRlRIA6M_Ce_K1zR4fUAedWxajl_c9omimDvPGmN3mzj3DX1s8JTf2ioEzmOQ1wamdxDlV8e_wNEmF43Idi3eKgueF0yCT0wlOiRhZszMAHoIsyn5UkbgI28hTDkAYZAB-=w924-h924-s-no?authuser=0\" width=\"739\" height=\"739\" data-iml=\"10106\" aria-label=\"Photo - Carr\u00e9 - 10 janv. 2024, 18:51:50\" \/><\/p>\n\n\n<p><\/p>\n","protected":false},"excerpt":{"rendered":"<p>Situ\u00e9 au c\u0153ur de l&#8217;Avesnois, \u00e0 Floursies, Tours de Mains\u00a0est \u00e0 la fois un atelier de c\u00e9ramique et une boutique. J&#8217;y produis et parfois j&#8217;expose le travail d&#8217;autres artisans de l&#8217;Avesnois.\u00a0 Vous cherchez un objet unique et original ?\u00a0Pour offrir ou vous faire plaisir ? Vous \u00eates restaurateur et\u00a0souhaitez une touche d&#8217;authenticit\u00e9 et d&#8217;originalit\u00e9 dans &hellip; <a href=\"https:\/\/toursdemains.com\/\" class=\"more-link\">Continue reading <span class=\"screen-reader-text\">Bienvenue<\/span> <span class=\"meta-nav\">&rarr;<\/span><\/a><\/p>\n","protected":false},"author":1,"featured_media":0,"parent":0,"menu_order":0,"comment_status":"closed","ping_status":"open","template":"","meta":[],"_links":{"self":[{"href":"https:\/\/toursdemains.com\/index.php\/wp-json\/wp\/v2\/pages\/2"}],"collection":[{"href":"https:\/\/toursdemains.com\/index.php\/wp-json\/wp\/v2\/pages"}],"about":[{"href":"https:\/\/toursdemains.com\/index.php\/wp-json\/wp\/v2\/types\/page"}],"author":[{"embeddable":true,"href":"https:\/\/toursdemains.com\/index.php\/wp-json\/wp\/v2\/users\/1"}],"replies":[{"embeddable":true,"href":"https:\/\/toursdemains.com\/index.php\/wp-json\/wp\/v2\/comments?post=2"}],"version-history":[{"count":22,"href":"https:\/\/toursdemains.com\/index.php\/wp-json\/wp\/v2\/pages\/2\/revisions"}],"predecessor-version":[{"id":344,"href":"https:\/\/toursdemains.com\/index.php\/wp-json\/wp\/v2\/pages\/2\/revisions\/344"}],"wp:attachment":[{"href":"https:\/\/toursdemains.com\/index.php\/wp-json\/wp\/v2\/media?parent=2"}],"curies":[{"name":"wp","href":"https:\/\/api.w.org\/{rel}","templated":true}]}}